hat is -30 - 200?
-230
In base 16, what is -6c + 0?
-6c
In base 10, what is 0 - -2434?
2434
In base 16, what is aff - -1?
b00
In base 6, what is 2 + 143?
145
In base 2, what is 11111001 + 100?
11111101
In base 13, what is -30 + -5?
-35
In base 14, what is 2 + c2?
c4
In base 16, what is 9b + -1f?
7c
In base 15, what is -3 + 91?
8d
In base 6, what is -13 + -1443?
-1500
In base 4, what is -13233 - 321?
-20220
In base 2, what is -10 + 10000001011?
10000001001
In base 8, what is -3610 + -7?
-3617
In base 12, what is 1b4 + 4?
1b8
In base 10, what is 4 + 427?
431
In base 10, what is -195 - -1?
-194
In base 3, what is -1 - -221022?
221021
In base 5, what is -2230 + 1?
-2224
In base 3, what is 1 + -202?
-201
In base 5, what is -3431 + 43?
-3333
In base 14, what is -7c2 - -15?
-7ab
In base 16, what is 382 + 4?
386
In base 11, what is 1 - -87?
88
In base 15, what is 229 + 7?
231
In base 10, what is 5 + -88?
-83
In base 11, what is -1 - 11?
-12
In base 6, what is 22151 - 3?
22144
In base 11, what is 7a0 - 21?
77a
In base 3, what is 12 - 111?
-22
In base 11, what is 3 + 456?
459
In base 4, what is -1 - -1313?
1312
In base 3, what is 1001 - -120?
1121
In base 3, what is -2112 - 11?
-2200
In base 12, what is 4 + -136?
-132
In base 8, what is 121 + -107?
12
In base 16, what is -d23 + 0?
-d23
In base 12, what is -4 + -2?
-6
In base 9, what is 385 + -3?
382
In base 12, what is -52 - 2?
-54
In base 2, what is 0 + -101001001?
-101001001
In base 6, what is -130 + -233?
-403
In base 7, what is -1422 - 16?
-1441
In base 6, what is -11 - -11050?
11035
In base 5, what is 110 + -4?
101
In base 3, what is -102 - 100111?
-100220
In base 14, what is 3 - 85?
-82
In base 4, what is 203 + -112?
31
In base 16, what is 4 + 2c?
30
In base 16, what is 104a + -3?
1047
In base 16, what is -4a + -36?
-80
In base 2, what is -10001001001 - 101?
-10001001110
In base 12, what is 11 + -12?
-1
In base 4, what is -112 - 30?
-202
In base 14, what is -3d81 + -2?
-3d83
In base 4, what is -3 + 11032?
11023
In base 9, what is 145 - -33?
178
In base 8, what is -2075 - -3?
-2072
In base 11, what is 1 - -3a2?
3a3
In base 10, what is 25 - -46?
71
In base 7, what is 54 - 426?
-342
In base 14, what is -18 + -7?
-21
In base 5, what is -4 + 230?
221
In base 8, what is 5 + -54?
-47
In base 15, what is -a + 3?
-7
In base 16, what is 49 - -3?
4c
In base 16, what is -173a + 1?
-1739
In base 9, what is 80 + 3?
83
In base 15, what is 7117 + -2?
7115
In base 4, what is 3011 - -2?
3013
In base 3, what is 212120 - 111?
212002
In base 16, what is 15 + 12?
27
In base 10, what is 5 + -41?
-36
In base 9, what is 4 - 1734?
-1730
In base 3, what is 1 - -10121?
10122
In base 16, what is -241 - -4?
-23d
In base 15, what is -107 + 2e?
-c8
In base 9, what is 4758 + -5?
4753
In base 4, what is 131200 - 10?
131130
In base 15, what is 132 + -6?
12b
In base 11, what is -5 - 797?
-7a1
In base 9, what is 5 + 2475?
2481
In base 8, what is 6 - 102?
-74
In base 8, what is -343 - 2?
-345
In base 5, what is -112421 + -2?
-112423
In base 11, what is 14 + -7?
8
In base 5, what is 2300 - 4?
2241
In base 16, what is -7a + -1?
-7b
In base 4, what is 1 + 102312?
102313
In base 15, what is -a4d - 1?
-a4e
In base 8, what is -11 + -244?
-255
In base 9, what is -176 + 5?
-171
In base 10, what is 12 - -1?
13
In base 9, what is -23 + -104?
-127
In base 9, what is -2 + 34?
32
In base 14, what is 3 + 3db?
400
In base 10, what is -458 + -5?
-463
In base 8, what is 714 - -4?
720
In base 11, what is -3232 - -5?
-3228
In base 15, what is d1 - -3?
d4
In base 10, what is -170 - -5?
-165
In base 14, what is -c - -3a0?
392
In base 11, what is -899 - -4?
-895
In base 8, what is 1050 + 24?
1074
In base 12, what is 5 + 165?
16a
In base 16, what is 191 + 5?
196
In base 13, what is -1c68b - -4?
-1c687
In base 8, what is 464 - -5?
471
In base 4, what is -30 - -120?
30
In base 9, what is 3 + -13?
-10
In base 16, what is -90 - -1?
-8f
In base 6, what is 22422 + -1?
22421
In base 16, what is 4 - -665?
669
In base 2, what is -1 - -11110001?
11110000
In base 5, what is 1 + 10?
11
In base 10, what is 3 - 278?
-275
In base 16, what is da - 0?
da
In base 4, what is 13 + -123?
-110
In base 9, what is 11 + 42?
53
In base 14, what is -1 - -157?
156
In base 5, what is 132 + -30?
102
In base 2, what is -10000 + -1001111?
-1011111
In base 6, what is 44 + 14?
102
In base 7, what is 4 - -40?
44
In base 3, what is 1002211 - -1?
1002212
In base 12, what is -5 - -8a?
85
In base 10, what is -7 - -6?
-1
In base 11, what is -637 + -4?
-640
In base 2, what is -101 - -1100101101001?
1100101100100
In base 12, what is -2 + -48?
-4a
In base 15, what is -1c + 2?
-1a
In base 4, what is -113 - 102?
-221
In base 12, what is -4 + -17?
-1b
In base 5, what is -3433 - -20?
-3413
In base 4, what is -2200 - -2?
-2132
In base 12, what is 3 - 519?
-516
In base 4, what is -3001030 - -3?
-3001021
In base 13, what is 5 + -9a1?
-999
In base 7, what is 1 - 36?
-35
In base 16, what is -62 + -4?
-66
In base 7, what is 3 + -2622?
-2616
In base 8, what is -5 + -714?
-721
In base 7, what is -16 + 4?
-12
In base 8, what is -23 + -5?
-30
In base 7, what is -11625 - -5?
-11620
In base 5, what is 3 + 3?
11
In base 16, what is -3d3 - 2?
-3d5
In base 14, what is b4d + -4?
b49
In base 6, what is 3 + -150?
-143
In base 4, what is 21 - 112203?
-112122
In base 6, what is -2052 + -12?
-2104
In base 15, what is -72 - -2e?
-43
In base 9, what is -3 - 28?
-32
In base 2, what is -1011 - -1000?
-11
In base 14, what is -4 + 29?
25
In base 5, what is 2 + -4?
-2
In base 14, what is 4 + -167?
-163
In base 6, what is -10 + -42?
-52
In base 15, what is -74 - 0?
-74
In base 14, what is 11b + -1?
11a
In base 13, what is 13 + -2?
11
In base 11, what is 9a3 + 4?
9a7
In base 10, what is -554 + 3?
-551
In base 8, what is 30 + 3?
33
In base 9, what is 4 + -27?
-23
In base 10, what is -18 - -93?
75
In base 5, what is 1132 + 2?
1134
In base 10, what is -1249 - -1?
-1248
In base 10, what is -19 + 9?
-10
In base 3, what is 120220 + -1022?
112121
In base 4, what is -20 - 1300?
-1320
In base 5, what is -331 - -4?
-322
In base 13, what is -13043 + 1?
-13042
In base 9, what is 113 + 0?
113
In base 3, what is -11021 + -2120?
-20211
In base 13, what is 7b5 + -2?
7b3
In base 7, what is 10 - -460?
500
In base 7, what is -165 + -253?
-451
In base 14, what is 38 + -4?
34
In base 11, what is 4 - -4?
8
In base 6, what is -4 - -3205?
3201
In base 7, what is 2606 - 1?
2605
In base 2, what is 101 + 100010000111?
100010001100
In base 14, what is -4b - -2?
-49
In base 8, what is -145 + 5?
-140
In base 5, what is -123 + -3?
-131
In base 5, what is -1 - 10333?
-10334
In base 6, what is -3 + 321?
314
In base 6, what is -14 + -1?
-15
In base 5, what is -41300 + -2?
-41302
In base 11, what is -409 + -4?
-412
In base 5, what is 1200 - -212?
1412
In base 12, what is 85 - -26?
ab
In base 8, what is -36 - -221?
163
In base 7, what is 1361 + 30?
1421
In base 8, what is 32 + -3?
27
In base 10, what is 153 + 26?
179
In base 8, what is -4 + -5712?
-5716
In base 6, what is -5534 - 5?
-5543
In base 8, what is 63 + -3?
60
In base 3, what is -1200 - 1001?
-2201
In base 6, what is -32 - 2?
-34
In base 4, what is -10 - -121203?
121133
In base 14, what is -3 - -312?
30d
In base 13, what is -279 - 1?
-27a
In base 6, what is 21542 + -3?
21535
In base 6, what is -3 + -303?
-310
In base 2, what is -100 + 101010?
100110
In base 2, what is 10100011 + -10010001?
10010
In base 16, what is -b8 + -f?
-c7
In base 9, what is -2 + 27?
25
In base 5, what is 1300 + 110?
1410
In base 5, what is -2 + -102144?
-102201
In base 9, what is 2 + -5174?
-5172
In base 13, what is 7 + -125?
-11b
In base 6, what is -3243 + -4?
-3251
In base 4, what is -11 - 122?
-133
In base 16, what is -974 - 3?
-977
In base 3, what is 1 - 1120202?
-1120201
In base 8, what is -6 + -1270?
-1276
In base 12, what is 5 + -1a?
-15
In base 7, what is 3 + 3?
6
In base 13, what is 53 + -64?
-11
In base 12, what is -13 - 82?
-95
In base 8, what is -20 - -6?
-12
In base 2, what is 1000 + 101101?
110101
In base 10, what is -20 + -290?
-310
In base 9, what is 54 - 54?
0
In base 7, what is 246 - 3?
243
In base 12, what is 161 - 2?
15b
In base 3, what is -101 + -110?
-211
In base 2, what is -10101 + 1000?
-1101
In base 5, wha